{"id":4675,"date":"2021-10-15T15:05:19","date_gmt":"2021-10-15T13:05:19","guid":{"rendered":"https:\/\/www.akita-nishi-no-mori.de\/wordpress\/?page_id=4675"},"modified":"2021-10-20T16:48:16","modified_gmt":"2021-10-20T14:48:16","slug":"wie-sehen-hunde","status":"publish","type":"page","link":"https:\/\/www.akita-nishi-no-mori.de\/wordpress\/wie-sehen-hunde\/","title":{"rendered":"Wie sehen Hunde"},"content":{"rendered":"<div class='flex_column av-43ovxf-105990018238559f800969b7a9111f57 av_one_full  avia-builder-el-0  el_before_av_one_full  avia-builder-el-first  first flex_column_div '     ><p>\n<style type=\"text\/css\" data-created_by=\"avia_inline_auto\" id=\"style-css-av-kusdq33v-9ec526b3579c5a669d8f751893fb0b78\">\n#top .av_textblock_section.av-kusdq33v-9ec526b3579c5a669d8f751893fb0b78 .avia_textblock{\nfont-size:14px;\n}\n<\/style>\n<section  class='av_textblock_section av-kusdq33v-9ec526b3579c5a669d8f751893fb0b78'  itemscope=\"itemscope\" itemtype=\"https:\/\/schema.org\/CreativeWork\" ><div class='avia_textblock av_inherit_color'  itemprop=\"text\" ><p><em><strong>Wie sehen Hunde ?<\/strong><\/em><\/p>\n<p><strong>Das Gesichtsfeld des Hundes hat einen Winkel von 240 Grad, w\u00e4hrend der Mensch 200 Grad erreicht. Daf\u00fcr ist der Bereich, der von beiden Augen gesehen wird, kleiner (das so genannte binokulare Gesichtsfeld: Hund 60 Grad, Mensch 120 Grad. Dieser Bereich ist f\u00fcr die r\u00e4umliche Tiefenwahrnehmung (Stereosehen) wichtig, worin der Mensch dem Hund \u00fcberlegen ist.<\/strong><\/p>\n<\/div><\/section><br \/>\n\n<style type=\"text\/css\" data-created_by=\"avia_inline_auto\" id=\"style-css-av-kusdr0t7-de50b4b60c8a513024b6e4348997c1c0\">\n.avia-image-container.av-kusdr0t7-de50b4b60c8a513024b6e4348997c1c0 img.avia_image{\nbox-shadow:none;\n}\n.avia-image-container.av-kusdr0t7-de50b4b60c8a513024b6e4348997c1c0 .av-image-caption-overlay-center{\ncolor:#ffffff;\n}\n<\/style>\n<div  class='avia-image-container av-kusdr0t7-de50b4b60c8a513024b6e4348997c1c0 av-styling- avia-align-center  avia-builder-el-2  el_after_av_textblock  avia-builder-el-last '   itemprop=\"image\" itemscope=\"itemscope\" itemtype=\"https:\/\/schema.org\/ImageObject\" ><div class=\"avia-image-container-inner\"><div class=\"avia-image-overlay-wrap\"><img decoding=\"async\" class='wp-image-4676 avia-img-lazy-loading-not-4676 avia_image ' src=\"https:\/\/www.akita-nishi-no-mori.de\/wordpress\/wp-content\/uploads\/2021\/10\/wie_sehen_hunde.jpg\" alt='' title=''  height=\"196\" width=\"462\"  itemprop=\"thumbnailUrl\"  \/><\/div><\/div><\/div><\/p><\/div><div class='flex_column av-26z903-1ccfc2dadf6a061ef9bade96d944c841 av_one_full  avia-builder-el-3  el_after_av_one_full  avia-builder-el-last  first flex_column_div column-top-margin'     ><p>\n<style type=\"text\/css\" data-created_by=\"avia_inline_auto\" id=\"style-css-av-kusdury5-2c51cbfd6ac8d5875ab70a95d3a01d8b\">\n#top .av_textblock_section.av-kusdury5-2c51cbfd6ac8d5875ab70a95d3a01d8b .avia_textblock{\nfont-size:14px;\n}\n<\/style>\n<section  class='av_textblock_section av-kusdury5-2c51cbfd6ac8d5875ab70a95d3a01d8b'  itemscope=\"itemscope\" itemtype=\"https:\/\/schema.org\/CreativeWork\" ><div class='avia_textblock av_inherit_color'  itemprop=\"text\" ><p><strong>Farben sehen von Hunden wurde durch verschiedene Experimente und Verhaltensstudien erforscht. Eine Studie von Neitz, Geist und Jakobs fand, dass Hunde Farben in etwa so sehen wie ein Mensch, der rotgr\u00fcn-farbenblind ist. Der eine Zapfentyp des Hundes ist empfindlich f\u00fcr Blau-Violett, der andere f\u00fcr Gelb. Hund und ihre wilden Verwandten sehen also im Wesentlichen den Spektralbereich von Gelb \u00fcber Gr\u00fcn und Blau, wobei ihenen Objekte, die f\u00fcr uns gr\u00fcn sind, unbunt erscheinen und rote Objekte gelb.<\/strong><\/p>\n<\/div><\/section><br \/>\n\n<style type=\"text\/css\" data-created_by=\"avia_inline_auto\" id=\"style-css-av-kusdvkok-a82e0753857c4d0fa18f19f5ecd39e99\">\n.avia-image-container.av-kusdvkok-a82e0753857c4d0fa18f19f5ecd39e99 img.avia_image{\nbox-shadow:none;\n}\n.avia-image-container.av-kusdvkok-a82e0753857c4d0fa18f19f5ecd39e99 .av-image-caption-overlay-center{\ncolor:#ffffff;\n}\n<\/style>\n<div  class='avia-image-container av-kusdvkok-a82e0753857c4d0fa18f19f5ecd39e99 av-styling- avia-align-center  avia-builder-el-5  el_after_av_textblock  avia-builder-el-last '   itemprop=\"image\" itemscope=\"itemscope\" itemtype=\"https:\/\/schema.org\/ImageObject\" ><div class=\"avia-image-container-inner\"><div class=\"avia-image-overlay-wrap\"><img decoding=\"async\" class='wp-image-4677 avia-img-lazy-loading-not-4677 avia_image ' src=\"https:\/\/www.akita-nishi-no-mori.de\/wordpress\/wp-content\/uploads\/2021\/10\/rot_gruen_a.jpg\" alt='' title=''  height=\"239\" width=\"408\"  itemprop=\"thumbnailUrl\"  \/><\/div><\/div><\/div><\/p><\/div><\/p>\n","protected":false},"excerpt":{"rendered":"","protected":false},"author":1,"featured_media":0,"parent":0,"menu_order":0,"comment_status":"closed","ping_status":"closed","template":"","meta":[],"yoast_head":"<!-- This site is optimized with the Yoast SEO plugin v20.0 - https:\/\/yoast.com\/wordpress\/plugins\/seo\/ -->\n<title>Wie sehen Hunde - Akita Nishi No Mori<\/title>\n<meta name=\"robots\" content=\"index, follow, max-snippet:-1, max-image-preview:large, max-video-preview:-1\" \/>\n<link rel=\"canonical\" href=\"https:\/\/www.akita-nishi-no-mori.de\/wordpress\/wie-sehen-hunde\/\" \/>\n<meta property=\"og:locale\" content=\"de_DE\" \/>\n<meta property=\"og:type\" content=\"article\" \/>\n<meta property=\"og:title\" content=\"Wie sehen Hunde - Akita Nishi No Mori\" \/>\n<meta property=\"og:url\" content=\"https:\/\/www.akita-nishi-no-mori.de\/wordpress\/wie-sehen-hunde\/\" \/>\n<meta property=\"og:site_name\" content=\"Akita Nishi No Mori\" \/>\n<meta property=\"article:modified_time\" content=\"2021-10-20T14:48:16+00:00\" \/>\n<meta name=\"twitter:card\" content=\"summary_large_image\" \/>\n<meta name=\"twitter:label1\" content=\"Gesch\u00e4tzte Lesezeit\" \/>\n\t<meta name=\"twitter:data1\" content=\"2\u00a0Minuten\" \/>\n<script type=\"application\/ld+json\" class=\"yoast-schema-graph\">{\"@context\":\"https:\/\/schema.org\",\"@graph\":[{\"@type\":\"WebPage\",\"@id\":\"https:\/\/www.akita-nishi-no-mori.de\/wordpress\/wie-sehen-hunde\/\",\"url\":\"https:\/\/www.akita-nishi-no-mori.de\/wordpress\/wie-sehen-hunde\/\",\"name\":\"Wie sehen Hunde - Akita Nishi No Mori\",\"isPartOf\":{\"@id\":\"https:\/\/www.akita-nishi-no-mori.de\/wordpress\/#website\"},\"datePublished\":\"2021-10-15T13:05:19+00:00\",\"dateModified\":\"2021-10-20T14:48:16+00:00\",\"breadcrumb\":{\"@id\":\"https:\/\/www.akita-nishi-no-mori.de\/wordpress\/wie-sehen-hunde\/#breadcrumb\"},\"inLanguage\":\"de\",\"potentialAction\":[{\"@type\":\"ReadAction\",\"target\":[\"https:\/\/www.akita-nishi-no-mori.de\/wordpress\/wie-sehen-hunde\/\"]}]},{\"@type\":\"BreadcrumbList\",\"@id\":\"https:\/\/www.akita-nishi-no-mori.de\/wordpress\/wie-sehen-hunde\/#breadcrumb\",\"itemListElement\":[{\"@type\":\"ListItem\",\"position\":1,\"name\":\"Startseite\",\"item\":\"https:\/\/www.akita-nishi-no-mori.de\/wordpress\/transparent-header\/\"},{\"@type\":\"ListItem\",\"position\":2,\"name\":\"Wie sehen Hunde\"}]},{\"@type\":\"WebSite\",\"@id\":\"https:\/\/www.akita-nishi-no-mori.de\/wordpress\/#website\",\"url\":\"https:\/\/www.akita-nishi-no-mori.de\/wordpress\/\",\"name\":\"Akita Nishi No Mori\",\"description\":\"Akita aus dem Westerwald\",\"potentialAction\":[{\"@type\":\"SearchAction\",\"target\":{\"@type\":\"EntryPoint\",\"urlTemplate\":\"https:\/\/www.akita-nishi-no-mori.de\/wordpress\/?s={search_term_string}\"},\"query-input\":\"required name=search_term_string\"}],\"inLanguage\":\"de\"}]}<\/script>\n<!-- \/ Yoast SEO plugin. -->","yoast_head_json":{"title":"Wie sehen Hunde - Akita Nishi No Mori","robots":{"index":"index","follow":"follow","max-snippet":"max-snippet:-1","max-image-preview":"max-image-preview:large","max-video-preview":"max-video-preview:-1"},"canonical":"https:\/\/www.akita-nishi-no-mori.de\/wordpress\/wie-sehen-hunde\/","og_locale":"de_DE","og_type":"article","og_title":"Wie sehen Hunde - Akita Nishi No Mori","og_url":"https:\/\/www.akita-nishi-no-mori.de\/wordpress\/wie-sehen-hunde\/","og_site_name":"Akita Nishi No Mori","article_modified_time":"2021-10-20T14:48:16+00:00","twitter_card":"summary_large_image","twitter_misc":{"Gesch\u00e4tzte Lesezeit":"2\u00a0Minuten"},"schema":{"@context":"https:\/\/schema.org","@graph":[{"@type":"WebPage","@id":"https:\/\/www.akita-nishi-no-mori.de\/wordpress\/wie-sehen-hunde\/","url":"https:\/\/www.akita-nishi-no-mori.de\/wordpress\/wie-sehen-hunde\/","name":"Wie sehen Hunde - Akita Nishi No Mori","isPartOf":{"@id":"https:\/\/www.akita-nishi-no-mori.de\/wordpress\/#website"},"datePublished":"2021-10-15T13:05:19+00:00","dateModified":"2021-10-20T14:48:16+00:00","breadcrumb":{"@id":"https:\/\/www.akita-nishi-no-mori.de\/wordpress\/wie-sehen-hunde\/#breadcrumb"},"inLanguage":"de","potentialAction":[{"@type":"ReadAction","target":["https:\/\/www.akita-nishi-no-mori.de\/wordpress\/wie-sehen-hunde\/"]}]},{"@type":"BreadcrumbList","@id":"https:\/\/www.akita-nishi-no-mori.de\/wordpress\/wie-sehen-hunde\/#breadcrumb","itemListElement":[{"@type":"ListItem","position":1,"name":"Startseite","item":"https:\/\/www.akita-nishi-no-mori.de\/wordpress\/transparent-header\/"},{"@type":"ListItem","position":2,"name":"Wie sehen Hunde"}]},{"@type":"WebSite","@id":"https:\/\/www.akita-nishi-no-mori.de\/wordpress\/#website","url":"https:\/\/www.akita-nishi-no-mori.de\/wordpress\/","name":"Akita Nishi No Mori","description":"Akita aus dem Westerwald","potentialAction":[{"@type":"SearchAction","target":{"@type":"EntryPoint","urlTemplate":"https:\/\/www.akita-nishi-no-mori.de\/wordpress\/?s={search_term_string}"},"query-input":"required name=search_term_string"}],"inLanguage":"de"}]}},"_links":{"self":[{"href":"https:\/\/www.akita-nishi-no-mori.de\/wordpress\/wp-json\/wp\/v2\/pages\/4675"}],"collection":[{"href":"https:\/\/www.akita-nishi-no-mori.de\/wordpress\/wp-json\/wp\/v2\/pages"}],"about":[{"href":"https:\/\/www.akita-nishi-no-mori.de\/wordpress\/wp-json\/wp\/v2\/types\/page"}],"author":[{"embeddable":true,"href":"https:\/\/www.akita-nishi-no-mori.de\/wordpress\/wp-json\/wp\/v2\/users\/1"}],"replies":[{"embeddable":true,"href":"https:\/\/www.akita-nishi-no-mori.de\/wordpress\/wp-json\/wp\/v2\/comments?post=4675"}],"version-history":[{"count":4,"href":"https:\/\/www.akita-nishi-no-mori.de\/wordpress\/wp-json\/wp\/v2\/pages\/4675\/revisions"}],"predecessor-version":[{"id":4722,"href":"https:\/\/www.akita-nishi-no-mori.de\/wordpress\/wp-json\/wp\/v2\/pages\/4675\/revisions\/4722"}],"wp:attachment":[{"href":"https:\/\/www.akita-nishi-no-mori.de\/wordpress\/wp-json\/wp\/v2\/media?parent=4675"}],"curies":[{"name":"wp","href":"https:\/\/api.w.org\/{rel}","templated":true}]}}