{"id":4564,"date":"2021-10-13T16:50:16","date_gmt":"2021-10-13T14:50:16","guid":{"rendered":"https:\/\/www.akita-nishi-no-mori.de\/wordpress\/?page_id=4564"},"modified":"2021-10-20T16:46:18","modified_gmt":"2021-10-20T14:46:18","slug":"thermographie-bei-haikan","status":"publish","type":"page","link":"https:\/\/www.akita-nishi-no-mori.de\/wordpress\/thermographie-bei-haikan\/","title":{"rendered":"Thermographie bei Haikan"},"content":{"rendered":"\n<style type=\"text\/css\" data-created_by=\"avia_inline_auto\" id=\"style-css-av-39a9z8-a11f230eb4a7417a4162398862b95237\">\n.flex_column.av-39a9z8-a11f230eb4a7417a4162398862b95237{\n-webkit-border-radius:0px 0px 0px 0px;\n-moz-border-radius:0px 0px 0px 0px;\nborder-radius:0px 0px 0px 0px;\npadding:0px 0px 0px 0px;\n}\n<\/style>\n<div class='flex_column av-39a9z8-a11f230eb4a7417a4162398862b95237 av_one_full  avia-builder-el-0  el_before_av_one_half  avia-builder-el-first  first flex_column_div av-zero-column-padding '     ><style type=\"text\/css\" data-created_by=\"avia_inline_auto\" id=\"style-css-av-6wq50-01728d7c1effc7e42a6ef024f358237f\">\n#top .av_textblock_section.av-6wq50-01728d7c1effc7e42a6ef024f358237f .avia_textblock{\nfont-size:22px;\ncolor:#7c3255;\n}\n<\/style>\n<section  class='av_textblock_section av-6wq50-01728d7c1effc7e42a6ef024f358237f'  itemscope=\"itemscope\" itemtype=\"https:\/\/schema.org\/CreativeWork\" ><div class='avia_textblock av_inherit_color'  itemprop=\"text\" ><p style=\"text-align: center;\"><strong>Thermographische Untersuchung bei Haikan<\/strong><\/p>\n<\/div><\/section><br \/>\n\n<style type=\"text\/css\" data-created_by=\"avia_inline_auto\" id=\"style-css-av-kupn23vn-80726b5af5b0d22ca09d5f793fff52bf\">\n#top .av_textblock_section.av-kupn23vn-80726b5af5b0d22ca09d5f793fff52bf .avia_textblock{\nfont-size:14px;\n}\n<\/style>\n<section  class='av_textblock_section av-kupn23vn-80726b5af5b0d22ca09d5f793fff52bf'  itemscope=\"itemscope\" itemtype=\"https:\/\/schema.org\/CreativeWork\" ><div class='avia_textblock av_inherit_color'  itemprop=\"text\" ><p><strong>Im November 2007, nach dem abendlichen Spaziergang, konnte Haikan pl\u00f6tzlich sein linkes Vorderbein nicht mehr aufsetzen. Da die Nacht bevorstand, unternahm ich nichts und am n\u00e4chsten Morgen humpelte er eine kleine Runde mit durchs Feld. Ich bemerkte, das er sich einlief und zum Schlu\u00df nicht mehr ganz so humpelte wie zu Beginn. Nach 3 Tagen war der Spuk vorbei und er lief wieder wie vorher.<\/strong><\/p>\n<p><strong>3 Wochen sp\u00e4ter, im Dezember, hatten wir das gleiche Spiel. Auch wieder abends konnte Haikan sein linkes Vorderbein nicht mehr aufsetzen und humpelte auf 3 Beinen durch die Gegend. Ich machte mir gro\u00dfe Sorgen, denn gerade auf den Vorderbeinen tragen sie 70 % ihres K\u00f6rpergewichtes. Also fuhr ich am n\u00e4chsten Tag in unsere Praxis und meine Chefin untersuchte ihn ausgiebig. Anschlie\u00dfend wurde er ger\u00f6ntgt. Auf den R\u00f6ntgenbilder war nichts aussergew\u00f6hnliches zu erkennen. Er bekam Schmerzmittel und auch hier war nach 3 Tagen der Spuk vorbei. Das war zwar toll, aber irgendetwas mu\u00dfte ja der Ausl\u00f6ser daf\u00fcr sein !!<\/strong><\/p>\n<p><strong>Was sollte ich machen ? Ich dachte nur, wenn es wiederkommt, mu\u00df er zum MRT (Magnet-Resonanz-Tomographie), die nat\u00fcrlich mit einer Narkose verbunden w\u00e4re. Hoffentlich braucht er das nicht. Das Einzige was mir einfiel &#8211; ich f\u00fctterte Gelatine zu, was ja wichtiger Bestandteil von Haut, Bindegewebe, Knorpeln und Sehen ist.<\/strong><\/p>\n<p><strong>Im Januar la\u00df ich, da\u00df bei Tier Time eine Thermographie angeboten wurde. Thermographie &#8211; was ist denn das ? Nachdem ich etwas dar\u00fcber gelesen hatte, meldete ich Haikan daf\u00fcr an. Er lief zwar taktrein, aber beim Aufstehen lahmte er die ersten zwei, drei Schritte lief sich dann aber ein.<\/strong><\/p>\n<p><strong>Anfang M\u00e4rz fuhr ich mit meiner Kollegin Carola Hoffmann, die die Ausbildung zur Physiotherapeutin (als Beste des Jahres) gemacht hat nach Remscheid zur Thermographie.<\/strong><\/p>\n<p><strong>Frau Doleschal vom <a href=\"http:\/\/www.vierbeiner-therapiezentrum.de\/\" target=\"_blank\" rel=\"noopener\">Vierbeiner-Therapiezentrum<\/a> f\u00fchrte erstmal eine Anamnese durch und danach wurde Haikan, um eine bessere Bildqualit\u00e4t zu erhalten, mit Frischhaltefolie eingewickelt &#8211; ein tolles Bild !! Es wurden ca 40 &#8211; 50 Bilder &#8222;geschossen&#8220;, Haikan wieder ausgewickelt, uns wurde einiges erkl\u00e4rt und dann waren wir auch schon fertig und konnten den Heimweg antreten.<\/strong><\/p>\n<p><strong>Knapp eine Woche sp\u00e4ter kam ein Brief von Frau Doleschal mit einigen ausgew\u00e4hlten Bilder von Haikan. Beim anschlie\u00dfenden Telefonat erkl\u00e4rte sie mir, da\u00df der Lymphflu\u00df im Venenwinkel (siehe Bild) gest\u00f6rt sei und sich wohlm\u00f6glich eine Blockade im Karpalgelenk befinde. Nebenbefund war, da\u00df er eine Blockade an der Wirbels\u00e4ule hatte. Sie riet zur Lymphdrainage um den Lymphflu\u00df im Venenwinkel zu f\u00f6rdern und zur physiotherapeutischen Behandlung des Karpalgelenkes und der Wirbels\u00e4ule.<\/strong><\/p>\n<\/div><\/section><\/p><\/div>\n<style type=\"text\/css\" data-created_by=\"avia_inline_auto\" id=\"style-css-av-evs2t0-852b3050b752cb6f16e285f378a2d71a\">\n.flex_column.av-evs2t0-852b3050b752cb6f16e285f378a2d71a{\n-webkit-border-radius:0px 0px 0px 0px;\n-moz-border-radius:0px 0px 0px 0px;\nborder-radius:0px 0px 0px 0px;\npadding:0px 0px 0px 0px;\n}\n<\/style>\n<div class='flex_column av-evs2t0-852b3050b752cb6f16e285f378a2d71a av_one_half  avia-builder-el-3  el_after_av_one_full  el_before_av_one_half  first flex_column_div av-zero-column-padding column-top-margin'     ><style type=\"text\/css\" data-created_by=\"avia_inline_auto\" id=\"style-css-av-kupn9ck6-2ab410f0ac3d87981369fe9c369a991c\">\n.avia-image-container.av-kupn9ck6-2ab410f0ac3d87981369fe9c369a991c img.avia_image{\nbox-shadow:none;\n}\n.avia-image-container.av-kupn9ck6-2ab410f0ac3d87981369fe9c369a991c .av-image-caption-overlay-center{\ncolor:#ffffff;\n}\n<\/style>\n<div  class='avia-image-container av-kupn9ck6-2ab410f0ac3d87981369fe9c369a991c av-styling- avia-align-center  avia-builder-el-4  avia-builder-el-no-sibling '   itemprop=\"image\" itemscope=\"itemscope\" itemtype=\"https:\/\/schema.org\/ImageObject\" ><div class=\"avia-image-container-inner\"><div class=\"avia-image-overlay-wrap\"><img decoding=\"async\" class='wp-image-4570 avia-img-lazy-loading-not-4570 avia_image ' src=\"https:\/\/www.akita-nishi-no-mori.de\/wordpress\/wp-content\/uploads\/2021\/10\/venenwinkel.jpg\" alt='' title=''  height=\"183\" width=\"300\"  itemprop=\"thumbnailUrl\"  \/><\/div><\/div><\/div><\/div><\/p>\n\n<style type=\"text\/css\" data-created_by=\"avia_inline_auto\" id=\"style-css-av-cf228k-2f6e0358f90e95b1656542b2ddf13453\">\n.flex_column.av-cf228k-2f6e0358f90e95b1656542b2ddf13453{\n-webkit-border-radius:0px 0px 0px 0px;\n-moz-border-radius:0px 0px 0px 0px;\nborder-radius:0px 0px 0px 0px;\npadding:0px 0px 0px 0px;\n}\n<\/style>\n<div class='flex_column av-cf228k-2f6e0358f90e95b1656542b2ddf13453 av_one_half  avia-builder-el-5  el_after_av_one_half  el_before_av_one_full  flex_column_div av-zero-column-padding column-top-margin'     ><style type=\"text\/css\" data-created_by=\"avia_inline_auto\" id=\"style-css-av-kupn9q2u-92b98ad1830d940aefdacd2da0819129\">\n#top .av_textblock_section.av-kupn9q2u-92b98ad1830d940aefdacd2da0819129 .avia_textblock{\nfont-size:14px;\n}\n<\/style>\n<section  class='av_textblock_section av-kupn9q2u-92b98ad1830d940aefdacd2da0819129'  itemscope=\"itemscope\" itemtype=\"https:\/\/schema.org\/CreativeWork\" ><div class='avia_textblock'  itemprop=\"text\" ><p>Darstellung des Venenwinkels (gelb eingekreist)<br \/>\n(Ansicht des Hundes auf den R\u00fccken liegend)<\/p>\n<\/div><\/section><\/div>\n\n<style type=\"text\/css\" data-created_by=\"avia_inline_auto\" id=\"style-css-av-bhact0-975d4a7f31fb2671078f1913c760e3ed\">\n.flex_column.av-bhact0-975d4a7f31fb2671078f1913c760e3ed{\n-webkit-border-radius:0px 0px 0px 0px;\n-moz-border-radius:0px 0px 0px 0px;\nborder-radius:0px 0px 0px 0px;\npadding:0px 0px 0px 0px;\n}\n<\/style>\n<div class='flex_column av-bhact0-975d4a7f31fb2671078f1913c760e3ed av_one_full  avia-builder-el-7  el_after_av_one_half  el_before_av_one_half  first flex_column_div av-zero-column-padding column-top-margin'     ><style type=\"text\/css\" data-created_by=\"avia_inline_auto\" id=\"style-css-av-kupnfalq-7923c5d7c15d3fca83a882b887549a1b\">\n#top .av_textblock_section.av-kupnfalq-7923c5d7c15d3fca83a882b887549a1b .avia_textblock{\nfont-size:15px;\ncolor:#7c3255;\n}\n<\/style>\n<section  class='av_textblock_section av-kupnfalq-7923c5d7c15d3fca83a882b887549a1b'  itemscope=\"itemscope\" itemtype=\"https:\/\/schema.org\/CreativeWork\" ><div class='avia_textblock av_inherit_color'  itemprop=\"text\" ><p><strong>Thermographieaufnahmen von Haikan<\/strong><\/p>\n<\/div><\/section><\/div>\n\n<style type=\"text\/css\" data-created_by=\"avia_inline_auto\" id=\"style-css-av-8hteec-b628ba1ea6f3b1bc7d91c2b6963dad29\">\n.flex_column.av-8hteec-b628ba1ea6f3b1bc7d91c2b6963dad29{\n-webkit-border-radius:0px 0px 0px 0px;\n-moz-border-radius:0px 0px 0px 0px;\nborder-radius:0px 0px 0px 0px;\npadding:0px 0px 0px 0px;\n}\n<\/style>\n<div class='flex_column av-8hteec-b628ba1ea6f3b1bc7d91c2b6963dad29 av_one_half  avia-builder-el-9  el_after_av_one_full  el_before_av_one_half  first flex_column_div av-zero-column-padding column-top-margin'     ><style type=\"text\/css\" data-created_by=\"avia_inline_auto\" id=\"style-css-av-kupnhvy4-eb1b14409d7e963168cce1ca7307fbcc\">\n.avia-image-container.av-kupnhvy4-eb1b14409d7e963168cce1ca7307fbcc img.avia_image{\nbox-shadow:none;\n}\n.avia-image-container.av-kupnhvy4-eb1b14409d7e963168cce1ca7307fbcc .av-image-caption-overlay-center{\ncolor:#ffffff;\n}\n<\/style>\n<div  class='avia-image-container av-kupnhvy4-eb1b14409d7e963168cce1ca7307fbcc av-styling- avia-align-center  avia-builder-el-10  avia-builder-el-no-sibling '   itemprop=\"image\" itemscope=\"itemscope\" itemtype=\"https:\/\/schema.org\/ImageObject\" ><div class=\"avia-image-container-inner\"><div class=\"avia-image-overlay-wrap\"><img decoding=\"async\" class='wp-image-4573 avia-img-lazy-loading-not-4573 avia_image ' src=\"https:\/\/www.akita-nishi-no-mori.de\/wordpress\/wp-content\/uploads\/2021\/10\/thermo1-495x333.jpg\" alt='' title=''  height=\"333\" width=\"495\"  itemprop=\"thumbnailUrl\"  \/><\/div><\/div><\/div><\/div>\n\n<style type=\"text\/css\" data-created_by=\"avia_inline_auto\" id=\"style-css-av-7wcalw-70e0679cba4fca1ee59f2f89181775e3\">\n.flex_column.av-7wcalw-70e0679cba4fca1ee59f2f89181775e3{\n-webkit-border-radius:0px 0px 0px 0px;\n-moz-border-radius:0px 0px 0px 0px;\nborder-radius:0px 0px 0px 0px;\npadding:0px 0px 0px 0px;\n}\n<\/style>\n<div class='flex_column av-7wcalw-70e0679cba4fca1ee59f2f89181775e3 av_one_half  avia-builder-el-11  el_after_av_one_half  el_before_av_one_half  flex_column_div av-zero-column-padding column-top-margin'     ><style type=\"text\/css\" data-created_by=\"avia_inline_auto\" id=\"style-css-av-kupniv9t-ebea1b1f149c58d237b9ac7cc964bbc8\">\n.avia-image-container.av-kupniv9t-ebea1b1f149c58d237b9ac7cc964bbc8 img.avia_image{\nbox-shadow:none;\n}\n.avia-image-container.av-kupniv9t-ebea1b1f149c58d237b9ac7cc964bbc8 .av-image-caption-overlay-center{\ncolor:#ffffff;\n}\n<\/style>\n<div  class='avia-image-container av-kupniv9t-ebea1b1f149c58d237b9ac7cc964bbc8 av-styling- avia-align-center  avia-builder-el-12  avia-builder-el-no-sibling '   itemprop=\"image\" itemscope=\"itemscope\" itemtype=\"https:\/\/schema.org\/ImageObject\" ><div class=\"avia-image-container-inner\"><div class=\"avia-image-overlay-wrap\"><img decoding=\"async\" class='wp-image-4574 avia-img-lazy-loading-not-4574 avia_image ' src=\"https:\/\/www.akita-nishi-no-mori.de\/wordpress\/wp-content\/uploads\/2021\/10\/thermo2-495x333.jpg\" alt='' title=''  height=\"333\" width=\"495\"  itemprop=\"thumbnailUrl\"  \/><\/div><\/div><\/div><\/div>\n\n<style type=\"text\/css\" data-created_by=\"avia_inline_auto\" id=\"style-css-av-makes-8d82cdcd835ec5577f8738776fe506c3\">\n.flex_column.av-makes-8d82cdcd835ec5577f8738776fe506c3{\n-webkit-border-radius:0px 0px 0px 0px;\n-moz-border-radius:0px 0px 0px 0px;\nborder-radius:0px 0px 0px 0px;\npadding:0px 0px 0px 0px;\n}\n<\/style>\n<div class='flex_column av-makes-8d82cdcd835ec5577f8738776fe506c3 av_one_half  avia-builder-el-13  el_after_av_one_half  el_before_av_one_half  first flex_column_div av-zero-column-padding column-top-margin'     ><style type=\"text\/css\" data-created_by=\"avia_inline_auto\" id=\"style-css-av-kupnjsum-b3941a8c243b79e0651535479fb95d4c\">\n.avia-image-container.av-kupnjsum-b3941a8c243b79e0651535479fb95d4c img.avia_image{\nbox-shadow:none;\n}\n.avia-image-container.av-kupnjsum-b3941a8c243b79e0651535479fb95d4c .av-image-caption-overlay-center{\ncolor:#ffffff;\n}\n<\/style>\n<div  class='avia-image-container av-kupnjsum-b3941a8c243b79e0651535479fb95d4c av-styling- avia-align-center  avia-builder-el-14  avia-builder-el-no-sibling '   itemprop=\"image\" itemscope=\"itemscope\" itemtype=\"https:\/\/schema.org\/ImageObject\" ><div class=\"avia-image-container-inner\"><div class=\"avia-image-overlay-wrap\"><img decoding=\"async\" class='wp-image-4575 avia-img-lazy-loading-not-4575 avia_image ' src=\"https:\/\/www.akita-nishi-no-mori.de\/wordpress\/wp-content\/uploads\/2021\/10\/thermo3-495x333.jpg\" alt='' title=''  height=\"333\" width=\"495\"  itemprop=\"thumbnailUrl\"  \/><\/div><\/div><\/div><\/div>\n\n<style type=\"text\/css\" data-created_by=\"avia_inline_auto\" id=\"style-css-av-4owzk4-41142f527e15b8990e8c03f9c5d44652\">\n.flex_column.av-4owzk4-41142f527e15b8990e8c03f9c5d44652{\n-webkit-border-radius:0px 0px 0px 0px;\n-moz-border-radius:0px 0px 0px 0px;\nborder-radius:0px 0px 0px 0px;\npadding:0px 0px 0px 0px;\n}\n<\/style>\n<div class='flex_column av-4owzk4-41142f527e15b8990e8c03f9c5d44652 av_one_half  avia-builder-el-15  el_after_av_one_half  el_before_av_one_full  flex_column_div av-zero-column-padding column-top-margin'     ><style type=\"text\/css\" data-created_by=\"avia_inline_auto\" id=\"style-css-av-kupnk6mr-adece06759df1ff7158e3459cbce1aba\">\n.avia-image-container.av-kupnk6mr-adece06759df1ff7158e3459cbce1aba img.avia_image{\nbox-shadow:none;\n}\n.avia-image-container.av-kupnk6mr-adece06759df1ff7158e3459cbce1aba .av-image-caption-overlay-center{\ncolor:#ffffff;\n}\n<\/style>\n<div  class='avia-image-container av-kupnk6mr-adece06759df1ff7158e3459cbce1aba av-styling- avia-align-center  avia-builder-el-16  avia-builder-el-no-sibling '   itemprop=\"image\" itemscope=\"itemscope\" itemtype=\"https:\/\/schema.org\/ImageObject\" ><div class=\"avia-image-container-inner\"><div class=\"avia-image-overlay-wrap\"><img decoding=\"async\" class='wp-image-4576 avia-img-lazy-loading-not-4576 avia_image ' src=\"https:\/\/www.akita-nishi-no-mori.de\/wordpress\/wp-content\/uploads\/2021\/10\/thermo4-495x333.jpg\" alt='' title=''  height=\"333\" width=\"495\"  itemprop=\"thumbnailUrl\"  \/><\/div><\/div><\/div><\/div>\n\n<style type=\"text\/css\" data-created_by=\"avia_inline_auto\" id=\"style-css-av-2sca3o-b11ca71aa1ebf72050e16d496bedf829\">\n.flex_column.av-2sca3o-b11ca71aa1ebf72050e16d496bedf829{\n-webkit-border-radius:0px 0px 0px 0px;\n-moz-border-radius:0px 0px 0px 0px;\nborder-radius:0px 0px 0px 0px;\npadding:0px 0px 0px 0px;\n}\n<\/style>\n<div class='flex_column av-2sca3o-b11ca71aa1ebf72050e16d496bedf829 av_one_full  avia-builder-el-17  el_after_av_one_half  el_before_av_one_full  first flex_column_div av-zero-column-padding column-top-margin'     ><style type=\"text\/css\" data-created_by=\"avia_inline_auto\" id=\"style-css-av-kupnli2v-1bba707b346b83fe3ce8e07f662e2443\">\n#top .av_textblock_section.av-kupnli2v-1bba707b346b83fe3ce8e07f662e2443 .avia_textblock{\nfont-size:14px;\ncolor:#000000;\n}\n<\/style>\n<section  class='av_textblock_section av-kupnli2v-1bba707b346b83fe3ce8e07f662e2443'  itemscope=\"itemscope\" itemtype=\"https:\/\/schema.org\/CreativeWork\" ><div class='avia_textblock av_inherit_color'  itemprop=\"text\" ><p><strong>Gesagt, getan&#8230;.. Carola behandelte Haikan ca 5 Wochen lang, 1 mal w\u00f6chentlich. Danach merkte man \u00fcberhaupt nicht mehr. Er stand auf, belastet alle Beine gleich und lief normal.<\/strong><\/p>\n<\/div><\/section><\/div>\n<style type=\"text\/css\" data-created_by=\"avia_inline_auto\" id=\"style-css-av-37dwk4-3d43519d8f4fbf519bc9a1735acaebe1\">\n.flex_column.av-37dwk4-3d43519d8f4fbf519bc9a1735acaebe1{\n-webkit-border-radius:0px 0px 0px 0px;\n-moz-border-radius:0px 0px 0px 0px;\nborder-radius:0px 0px 0px 0px;\npadding:0px 0px 0px 0px;\n}\n<\/style>\n<div class='flex_column av-37dwk4-3d43519d8f4fbf519bc9a1735acaebe1 av_one_full  avia-builder-el-19  el_after_av_one_full  avia-builder-el-last  first flex_column_div av-zero-column-padding column-top-margin'     ><p>\n<style type=\"text\/css\" data-created_by=\"avia_inline_auto\" id=\"style-css-av-kuqsf113-bc90d00f998bd64d4f9ab304d7bf5a71\">\n#top .av_textblock_section.av-kuqsf113-bc90d00f998bd64d4f9ab304d7bf5a71 .avia_textblock{\nfont-size:18px;\ncolor:#7c3255;\n}\n<\/style>\n<section  class='av_textblock_section av-kuqsf113-bc90d00f998bd64d4f9ab304d7bf5a71'  itemscope=\"itemscope\" itemtype=\"https:\/\/schema.org\/CreativeWork\" ><div class='avia_textblock av_inherit_color'  itemprop=\"text\" ><p><strong>Was ist Thermographie ?<\/strong><\/p>\n<\/div><\/section><br \/>\n\n<style type=\"text\/css\" data-created_by=\"avia_inline_auto\" id=\"style-css-av-kuqtk2t5-399a5b185feeed08af8db915f2a33964\">\n#top .av_textblock_section.av-kuqtk2t5-399a5b185feeed08af8db915f2a33964 .avia_textblock{\nfont-size:14px;\ncolor:#000000;\n}\n<\/style>\n<section  class='av_textblock_section av-kuqtk2t5-399a5b185feeed08af8db915f2a33964'  itemscope=\"itemscope\" itemtype=\"https:\/\/schema.org\/CreativeWork\" ><div class='avia_textblock av_inherit_color'  itemprop=\"text\" ><p><strong>Thermographie ist eine stressfreie, ber\u00fchrungslose, non-invasive und schonende Untersuchungs-Diagnostik. Die vom K\u00f6rper ausgehende Infrarot-Abstrahlung wird mit Hilfe einer W\u00e4rmebildkamera aufgezeichnet und sichtbar gemacht. Die gemessenen Daten werden gespeichert. Abweichungen dieser Infrarot-Abstrahlungen werden erfasst und man erh\u00e4lt eine exakte Angabe \u00fcber pathologische und physiologische Ver\u00e4nderungen.<\/strong><\/p>\n<p><strong>Die Thermographie basiert auf Farbmuster, die von einer W\u00e4rmebildkamera aufgezeichnet werden. Sie k\u00f6nnen schwarz, lila, blau, gr\u00fcn, gelb oder rot sein.<\/strong><\/p>\n<p><strong>W\u00e4rme ist rot (Hitze, \u00dcberversorgung) &#8211; K\u00e4lte ist blau (kalt, evtl. Unterversorgung).<\/strong><\/p>\n<p><strong>Zu sehen sind, durch die Oberfl\u00e4chenabstrahlung, beispielsweise Ver\u00e4nderungen an Muskeln, B\u00e4ndern und Sehnen oder auch an Knochen. Gelenkentz\u00fcndungen, Sehnenverletzungen und Verspannungen lassen sich ebenso erkennen wie Erkrankungen des Bewegungsapparates, R\u00fccken- oder Zahnprobleme. Die hochsensible Kamera misst so fein, dass selbst stumme Krankheitsherde, Schwachstellen und \u00dcberlastungen sichtbar werden.<\/strong><\/p>\n<p><em><strong>Vorteil der Thermographie:<\/strong><\/em><\/p>\n<p><strong>Die Diagnostik ist schonend und stressfrei, da das Tier weder ber\u00fchrt wird, noch in Narkose versetzt wird. Es findet kein Eingriff in den K\u00f6rper statt.<\/strong><\/p>\n<p><em><strong>Wann kann die Thermographie eingesetzt werden?<\/strong><\/em><\/p>\n<ul>\n<li><strong>bei nicht eindeutigen Beschwerden an den Beinen, Gelenken, der Muskulatur, an Z\u00e4hnen und der Haut<\/strong><\/li>\n<li><strong>Ursachen von Lahmheiten und Bewegungs- und Antriebst\u00f6rungen<\/strong><\/li>\n<li><strong>bei Schonhaltungen<\/strong><\/li>\n<li><strong>Trittst\u00f6rungen<\/strong><\/li>\n<li><strong>Hypersensibilit\u00e4t<\/strong><\/li>\n<li><strong>Ursache von R\u00fcckproblemen<\/strong><\/li>\n<li><strong>bei muskul\u00e4ren Dysbalancen<\/strong><\/li>\n<li><strong>bei inneren Erkrankungen<\/strong><\/li>\n<li><strong>bei Hauterkrankungen<\/strong><\/li>\n<li><strong>zur Gesundheits\u00fcberwachung allgemein<\/strong><\/li>\n<li><strong>nach therapeutischen Behandlungen als begleitende Erfolgskontrolle<\/strong><\/li>\n<li><strong>Tr\u00e4chtigkeitskontrolle<\/strong><\/li>\n<\/ul>\n<p><strong>Die Thermographie ist eine v\u00f6llig unkomplizierte Untersuchungsmethode mit exakten Angaben und eine preiswertere, schnelle und verl\u00e4ssliche Alternative sowie Erg\u00e4nzung zu herk\u00f6mmlichen Methoden<\/strong><\/p>\n<\/div><\/section><\/p><\/div><\/p>\n","protected":false},"excerpt":{"rendered":"","protected":false},"author":1,"featured_media":0,"parent":0,"menu_order":0,"comment_status":"closed","ping_status":"closed","template":"","meta":[],"yoast_head":"<!-- This site is optimized with the Yoast SEO plugin v20.0 - https:\/\/yoast.com\/wordpress\/plugins\/seo\/ -->\n<title>Thermographie bei Haikan - Akita Nishi No Mori<\/title>\n<meta name=\"robots\" content=\"index, follow, max-snippet:-1, max-image-preview:large, max-video-preview:-1\" \/>\n<link rel=\"canonical\" href=\"https:\/\/www.akita-nishi-no-mori.de\/wordpress\/thermographie-bei-haikan\/\" \/>\n<meta property=\"og:locale\" content=\"de_DE\" \/>\n<meta property=\"og:type\" content=\"article\" \/>\n<meta property=\"og:title\" content=\"Thermographie bei Haikan - Akita Nishi No Mori\" \/>\n<meta property=\"og:url\" content=\"https:\/\/www.akita-nishi-no-mori.de\/wordpress\/thermographie-bei-haikan\/\" \/>\n<meta property=\"og:site_name\" content=\"Akita Nishi No Mori\" \/>\n<meta property=\"article:modified_time\" content=\"2021-10-20T14:46:18+00:00\" \/>\n<meta name=\"twitter:card\" content=\"summary_large_image\" \/>\n<meta name=\"twitter:label1\" content=\"Gesch\u00e4tzte Lesezeit\" \/>\n\t<meta name=\"twitter:data1\" content=\"6\u00a0Minuten\" \/>\n<script type=\"application\/ld+json\" class=\"yoast-schema-graph\">{\"@context\":\"https:\/\/schema.org\",\"@graph\":[{\"@type\":\"WebPage\",\"@id\":\"https:\/\/www.akita-nishi-no-mori.de\/wordpress\/thermographie-bei-haikan\/\",\"url\":\"https:\/\/www.akita-nishi-no-mori.de\/wordpress\/thermographie-bei-haikan\/\",\"name\":\"Thermographie bei Haikan - Akita Nishi No Mori\",\"isPartOf\":{\"@id\":\"https:\/\/www.akita-nishi-no-mori.de\/wordpress\/#website\"},\"datePublished\":\"2021-10-13T14:50:16+00:00\",\"dateModified\":\"2021-10-20T14:46:18+00:00\",\"breadcrumb\":{\"@id\":\"https:\/\/www.akita-nishi-no-mori.de\/wordpress\/thermographie-bei-haikan\/#breadcrumb\"},\"inLanguage\":\"de\",\"potentialAction\":[{\"@type\":\"ReadAction\",\"target\":[\"https:\/\/www.akita-nishi-no-mori.de\/wordpress\/thermographie-bei-haikan\/\"]}]},{\"@type\":\"BreadcrumbList\",\"@id\":\"https:\/\/www.akita-nishi-no-mori.de\/wordpress\/thermographie-bei-haikan\/#breadcrumb\",\"itemListElement\":[{\"@type\":\"ListItem\",\"position\":1,\"name\":\"Startseite\",\"item\":\"https:\/\/www.akita-nishi-no-mori.de\/wordpress\/transparent-header\/\"},{\"@type\":\"ListItem\",\"position\":2,\"name\":\"Thermographie bei Haikan\"}]},{\"@type\":\"WebSite\",\"@id\":\"https:\/\/www.akita-nishi-no-mori.de\/wordpress\/#website\",\"url\":\"https:\/\/www.akita-nishi-no-mori.de\/wordpress\/\",\"name\":\"Akita Nishi No Mori\",\"description\":\"Akita aus dem Westerwald\",\"potentialAction\":[{\"@type\":\"SearchAction\",\"target\":{\"@type\":\"EntryPoint\",\"urlTemplate\":\"https:\/\/www.akita-nishi-no-mori.de\/wordpress\/?s={search_term_string}\"},\"query-input\":\"required name=search_term_string\"}],\"inLanguage\":\"de\"}]}<\/script>\n<!-- \/ Yoast SEO plugin. -->","yoast_head_json":{"title":"Thermographie bei Haikan - Akita Nishi No Mori","robots":{"index":"index","follow":"follow","max-snippet":"max-snippet:-1","max-image-preview":"max-image-preview:large","max-video-preview":"max-video-preview:-1"},"canonical":"https:\/\/www.akita-nishi-no-mori.de\/wordpress\/thermographie-bei-haikan\/","og_locale":"de_DE","og_type":"article","og_title":"Thermographie bei Haikan - Akita Nishi No Mori","og_url":"https:\/\/www.akita-nishi-no-mori.de\/wordpress\/thermographie-bei-haikan\/","og_site_name":"Akita Nishi No Mori","article_modified_time":"2021-10-20T14:46:18+00:00","twitter_card":"summary_large_image","twitter_misc":{"Gesch\u00e4tzte Lesezeit":"6\u00a0Minuten"},"schema":{"@context":"https:\/\/schema.org","@graph":[{"@type":"WebPage","@id":"https:\/\/www.akita-nishi-no-mori.de\/wordpress\/thermographie-bei-haikan\/","url":"https:\/\/www.akita-nishi-no-mori.de\/wordpress\/thermographie-bei-haikan\/","name":"Thermographie bei Haikan - Akita Nishi No Mori","isPartOf":{"@id":"https:\/\/www.akita-nishi-no-mori.de\/wordpress\/#website"},"datePublished":"2021-10-13T14:50:16+00:00","dateModified":"2021-10-20T14:46:18+00:00","breadcrumb":{"@id":"https:\/\/www.akita-nishi-no-mori.de\/wordpress\/thermographie-bei-haikan\/#breadcrumb"},"inLanguage":"de","potentialAction":[{"@type":"ReadAction","target":["https:\/\/www.akita-nishi-no-mori.de\/wordpress\/thermographie-bei-haikan\/"]}]},{"@type":"BreadcrumbList","@id":"https:\/\/www.akita-nishi-no-mori.de\/wordpress\/thermographie-bei-haikan\/#breadcrumb","itemListElement":[{"@type":"ListItem","position":1,"name":"Startseite","item":"https:\/\/www.akita-nishi-no-mori.de\/wordpress\/transparent-header\/"},{"@type":"ListItem","position":2,"name":"Thermographie bei Haikan"}]},{"@type":"WebSite","@id":"https:\/\/www.akita-nishi-no-mori.de\/wordpress\/#website","url":"https:\/\/www.akita-nishi-no-mori.de\/wordpress\/","name":"Akita Nishi No Mori","description":"Akita aus dem Westerwald","potentialAction":[{"@type":"SearchAction","target":{"@type":"EntryPoint","urlTemplate":"https:\/\/www.akita-nishi-no-mori.de\/wordpress\/?s={search_term_string}"},"query-input":"required name=search_term_string"}],"inLanguage":"de"}]}},"_links":{"self":[{"href":"https:\/\/www.akita-nishi-no-mori.de\/wordpress\/wp-json\/wp\/v2\/pages\/4564"}],"collection":[{"href":"https:\/\/www.akita-nishi-no-mori.de\/wordpress\/wp-json\/wp\/v2\/pages"}],"about":[{"href":"https:\/\/www.akita-nishi-no-mori.de\/wordpress\/wp-json\/wp\/v2\/types\/page"}],"author":[{"embeddable":true,"href":"https:\/\/www.akita-nishi-no-mori.de\/wordpress\/wp-json\/wp\/v2\/users\/1"}],"replies":[{"embeddable":true,"href":"https:\/\/www.akita-nishi-no-mori.de\/wordpress\/wp-json\/wp\/v2\/comments?post=4564"}],"version-history":[{"count":29,"href":"https:\/\/www.akita-nishi-no-mori.de\/wordpress\/wp-json\/wp\/v2\/pages\/4564\/revisions"}],"predecessor-version":[{"id":4721,"href":"https:\/\/www.akita-nishi-no-mori.de\/wordpress\/wp-json\/wp\/v2\/pages\/4564\/revisions\/4721"}],"wp:attachment":[{"href":"https:\/\/www.akita-nishi-no-mori.de\/wordpress\/wp-json\/wp\/v2\/media?parent=4564"}],"curies":[{"name":"wp","href":"https:\/\/api.w.org\/{rel}","templated":true}]}}